er when 10394 is divided by 105.
104
Calculate the remainder when 1137 is divided by 297.
246
What is the remainder when 1046 is divided by 104?
6
Calculate the remainder when 2364 is divided by 114.
84
Calculate the remainder when 51 is divided by 14.
9
Calculate the remainder when 413 is divided by 98.
21
Calculate the remainder when 1142 is divided by 16.
6
What is the remainder when 1399 is divided by 399?
202
What is the remainder when 1003 is divided by 330?
13
What is the remainder when 5276 is divided by 240?
236
What is the remainder when 1051 is divided by 57?
25
What is the remainder when 548 is divided by 69?
65
What is the remainder when 43 is divided by 9?
7
Calculate the remainder when 147 is divided by 51.
45
Calculate the remainder when 472 is divided by 77.
10
Calculate the remainder when 396 is divided by 192.
12
What is the remainder when 561 is divided by 114?
105
What is the remainder when 884 is divided by 5?
4
Calculate the remainder when 116 is divided by 60.
56
What is the remainder when 104 is divided by 35?
34
What is the remainder when 1343 is divided by 48?
47
What is the remainder when 310 is divided by 120?
70
What is the remainder when 768 is divided by 20?
8
What is the remainder when 21997 is divided by 200?
197
Calculate the remainder when 845 is divided by 213.
206
What is the remainder when 309 is divided by 309?
0
Calculate the remainder when 18 is divided by 10.
8
What is the remainder when 557 is divided by 62?
61
What is the remainder when 82 is divided by 26?
4
Calculate the remainder when 257 is divided by 24.
17
Calculate the remainder when 313 is divided by 32.
25
What is the remainder when 202 is divided by 173?
29
What is the remainder when 9293 is divided by 55?
53
What is the remainder when 190 is divided by 37?
5
What is the remainder when 6753 is divided by 62?
57
Calculate the remainder when 973 is divided by 65.
63
Calculate the remainder when 536 is divided by 2.
0
Calculate the remainder when 567 is divided by 120.
87
Calculate the remainder when 1995 is divided by 34.
23
What is the remainder when 47 is divided by 18?
11
Calculate the remainder when 215 is divided by 65.
20
What is the remainder when 1692 is divided by 17?
9
What is the remainder when 546 is divided by 26?
0
What is the remainder when 259 is divided by 65?
64
Calculate the remainder when 124 is divided by 38.
10
Calculate the remainder when 2429 is divided by 17.
15
Calculate the remainder when 131 is divided by 121.
10
Calculate the remainder when 466 is divided by 25.
16
What is the remainder when 1053 is divided by 24?
21
What is the remainder when 248 is divided by 84?
80
Calculate the remainder when 713 is divided by 17.
16
What is the remainder when 622 is divided by 96?
46
Calculate the remainder when 156 is divided by 19.
4
Calculate the remainder when 14 is divided by 9.
5
Calculate the remainder when 96 is divided by 50.
46
What is the remainder when 1310 is divided by 291?
146
What is the remainder when 551 is divided by 18?
11
Calculate the remainder when 111 is divided by 7.
6
What is the remainder when 164 is divided by 26?
8
What is the remainder when 492 is divided by 38?
36
Calculate the remainder when 131 is divided by 77.
54
What is the remainder when 4578 is divided by 12?
6
Calculate the remainder when 188 is divided by 52.
32
Calculate the remainder when 5546 is divided by 30.
26
Calculate the remainder when 20 is divided by 6.
2
What is the remainder when 228 is divided by 76?
0
What is the remainder when 402 is divided by 58?
54
Calculate the remainder when 405 is divided by 14.
13
Calculate the remainder when 711 is divided by 438.
273
What is the remainder when 235 is divided by 56?
11
Calculate the remainder when 10046 is divided by 1672.
14
What is the remainder when 5793 is divided by 1927?
12
Calculate the remainder when 128 is divided by 68.
60
Calculate the remainder when 4874 is divided by 244.
238
What is the remainder when 12494 is divided by 22?
20
What is the remainder when 21679 is divided by 37?
34
What is the remainder when 420 is divided by 106?
102
Calculate the remainder when 1034 is divided by 148.
146
Calculate the remainder when 6103 is divided by 20.
3
What is the remainder when 320 is divided by 110?
100
Calculate the remainder when 12999 is divided by 10.
9
Calculate the remainder when 158 is divided by 52.
2
What is the remainder when 568 is divided by 288?
280
What is the remainder when 378 is divided by 171?
36
What is the remainder when 1537 is divided by 35?
32
What is the remainder when 693 is divided by 70?
63
Calculate the remainder when 110 is divided by 104.
6
What is the remainder when 78 is divided by 47?
31
Calculate the remainder when 582 is divided by 81.
15
Calculate the remainder when 445 is divided by 221.
3
Calculate the remainder when 417 is divided by 203.
11
Calculate the remainder when 159 is divided by 25.
9
Calculate the remainder when 534 is divided by 90.
84
What is the remainder when 23615 is divided by 64?
63
Calculate the remainder when 4703 is divided by 14.
13
What is the remainder when 4685 is divided by 142?
141
What is the remainder when 749 is divided by 6?
5
Calculate the remainder when 227 is divided by 60.
47
What is the remainder when 6974 is divided by 64?
62
What is the remainder when 646 is divided by 65?
61
Calculate the remainder when 1241 is divided by 11.
9
Calculate the remainder when 2391 is divided by 52.
51
What is the remainder when 1493 is divided by 96?
53
Calculate the remainder when 11279 is divided by 13.
8
What is the remainder when 4849 is divided by 50?
49
What is the remainder when 618 is divided by 166?
120
What is the remainder when 1907 is divided by 10?
7
Calculate the remainder when 69839 is divided by 36.
35
What is the remainder when 49 is divided by 3?
1
What is the remainder when 564 is divided by 8?
4
Calculate the remainder when 128 is divided by 12.
8
Calculate the remainder when 1799 is divided by 887.
25
Calculate the remainder when 14 is divided by 13.
1
What is the remainder when 3695 is divided by 231?
230
What is the remainder when 1358 is divided by 193?
7
Calculate the remainder when 108 is divided by 25.
8
Calculate the remainder when 66 is divided by 12.
6
What is the remainder when 74 is divided by 25?
24
What is the remainder when 5600 is divided by 2793?
14
Calculate the remainder when 151 is divided by 13.
8
What is the remainder when 1801 is divided by 44?
41
What is the remainder when 298 is divided by 5?
3
Calculate the remainder when 73 is divided by 59.
14
Calculate the remainder when 537 is divided by 7.
5
Calculate the remainder when 4883 is divided by 33.
32
Calculate the remainder when 6 is divided by 5.
1
Calculate the remainder when 150 is divided by 69.
12
What is the remainder when 1725 is divided by 562?
39
Calculate the remainder when 31 is divided by 13.
5
Calculate the remainder when 79 is divided by 5.
4
Calculate the remainder when 25 is divided by 6.
1
Calculate the remainder when 309 is divided by 146.
17
What is the remainder when 35 is divided by 10?
5
What is the remainder when 339 is divided by 17?
16
What is the remainder when 12 is divided by 5?
2
What is the remainder when 168 is divided by 5?
3
Calculate the remainder when 44707 is divided by 17.
14
What is the remainder when 3362 is divided by 1113?
23
Calculate the remainder when 815 is divided by 68.
67
What is the remainder when 464 is divided by 25?
14
Calculate the remainder when 1526 is divided by 46.
8
What is the remainder when 427 is divided by 48?
43
Calculate the remainder when 157 is divided by 72.
13
What is the remainder when 443 is divided by 217?
9
What is the remainder when 388 is divided by 128?
4
What is the remainder when 167 is divided by 17?
14
Calculate the remainder when 366 is divided by 124.
118
Calculate the remainder when 62 is divided by 15.
2
Calculate the remainder when 1588 is divided by 37.
34
What is the remainder when 2110 is divided by 44?
42
What is the remainder when 2881 is divided by 17?
8
What is the remainder when 469 is divided by 14?
7
What is the remainder when 171 is divided by 64?
43
What is the remainder when 18140 is divided by 3627?
5
Calculate the remai